21
Let j(x) = -186*x - 2145. Give j(-12).
87
Let x(m) = m**3 + 236*m**2 + 206*m - 6809. What is x(-235)?
6
Let m(p) = 2*p**3 + 65*p**2 - 96*p + 171. Calculate m(-34).
-33
Let a(v) = 2*v**2 + 1493*v - 18205. What is a(12)?
-1
Let t(f) = -3*f**2 - 650*f - 28401. What is t(-156)?
-9
Let g(q) = 3*q**2 - 7*q - 6. Give g(5).
34
Let z(q) = -6*q**3 + 37*q**2 + 14*q - 102. What is z(6)?
18
Let d(v) = 6*v**2 - 536*v + 181. What is d(89)?
3
Let t(x) = -213*x + 196. What is t(2)?
-230
Let y(j) = 17*j - 643. What is y(-12)?
-847
Let v(t) = -16*t + 762. Give v(48).
-6
Let a(o) = 2512*o - 32645. Determine a(13).
11
Let o(y) = -500*y**2 - 743*y - 6. Determine o(-2).
-520
Let h(s) = 24*s**3 - 3*s**2 - 10*s - 6. Calculate h(-1).
-23
Let r(l) = -16*l - 1005. Give r(-64).
19
Let c(y) = -35*y + 2519. Calculate c(69).
104
Let t(b) = 593*b + 28513. Calculate t(-48).
49
Let u(a) = a**3 + 20*a**2 + 11*a + 32. Determine u(-19).
184
Let n(u) = -2*u**3 + 46*u**2 + 32*u + 551. Give n(24).
167
Let f(k) = -k**2 - 268*k - 11390. Determine f(-53).
5
Let j(w) = -18*w - 4. Determine j(-4).
68
Let l(o) = -o**3 - 16*o**2 + 77*o - 1. Determine l(-18).
-739
Let g(q) = -q**2 + 48*q + 385. Determine g(-7).
0
Let s(p) = 2*p**2 + 2*p + 11. Determine s(-5).
51
Let f(n) = -2*n**3 - 14*n**2 - 29*n - 201. Give f(-7).
2
Let z(f) = -f**3 - 62*f**2 + 73*f + 634. Give z(-63).
4
Let m(k) = 4*k**2 - 380*k - 6103. What is m(109)?
1
Let d(w) = w**2 + 28*w - 998. Calculate d(20).
-38
Let d(s) = -2*s**2 + 313*s - 10053. Calculate d(45).
-18
Let l(a) = -a**2 - 101*a + 186. What is l(2)?
-20
Let u(d) = d**3 - 20*d**2 + d + 12. Give u(8).
-748
Let y(c) = c**3 - 19*c**2 - 6*c + 46. Calculate y(19).
-68
Let l(a) = -16*a**2 - 5*a - 15. Calculate l(-4).
-251
Let q(h) = h - 81. What is q(17)?
-64
Let l(m) = -m**2 - 22*m + 361. Calculate l(-33).
-2
Let v(t) = 2*t**2 + 47*t + 81. Determine v(-18).
-117
Let p(z) = z**3 + 9*z**2 + 10*z + 89. What is p(-9)?
-1
Let z(m) = m**3 + 135*m**2 + 134*m + 5. Give z(-134).
5
Let t(a) = 29*a - 191. What is t(8)?
41
Let d(x) = -x**3 + 7*x**2 - 74*x + 778. Determine d(9).
-50
Let q(r) = r**3 - 13*r**2 - 16*r + 12. Give q(14).
-16
Let n(w) = -18*w**2 + 22*w - 22. Calculate n(1).
-18
Let c(b) = b**3 - 9*b**2 + 13*b - 45. Calculate c(8).
-5
Let a(n) = 11*n + 486. What is a(-45)?
-9
Let j(h) = h**2 + 25*h - 1319. Give j(-51).
7
Let f(o) = -6*o**2 - 2704*o - 34141. Calculate f(-13).
-3
Let d(f) = f**3 + 15*f**2 + 18*f + 207. Give d(-15).
-63
Let h(m) = -32*m - 390. Determine h(-10).
-70
Let q(f) = -57*f - 17. What is q(-2)?
97
Let f(p) = p**2 + 25*p - 58. Calculate f(-20).
-158
Let m(j) = -j**3 - 38*j**2 - 242*j - 79. Calculate m(-30).
-19
Let x(a) = -a**2 + 290*a + 1174. Give x(-4).
-2
Let m(g) = -20*g**2 + 128*g + 263. What is m(8)?
7
Let b(h) = -h**2 - 2*h - 81. Calculate b(-6).
-105
Let q(r) = -37*r**2 - 518*r + 12. Calculate q(-14).
12
Let u(l) = -15*l**2 - 2*l + 53. Give u(-4).
-179
Let k(w) = -7*w - 417. Give k(-37).
-158
Let c(m) = m**2 - 39*m + 312. Give c(27).
-12
Let l(z) = z**2 + 4533*z + 22644. Determine l(-5).
4
Let v(r) = r**3 - 9*r**2 - 6*r + 25. Determine v(9).
-29
Let h(z) = z**3 + z**2 + 35*z - 81. Determine h(2).
1
Let o(z) = 3*z**2 - 162*z - 694. Determine o(-4).
2
Let b(t) = 60*t - 795. What is b(13)?
-15
Let r(w) = 6*w**2 - 420*w + 1271. Determine r(3).
65
Let m(o) = -11*o**2 - 76*o + 13. Give m(-7).
6
Let s(b) = 4*b**2 - 380*b + 4254. Give s(82).
-10
Let a(k) = 68*k + 45. Calculate a(-4).
-227
Let c(r) = 1481*r + 162901. Determine c(-110).
-9
Let b(t) = -2*t**3 + 22*t**2 + 28*t - 100. Give b(12).
-52
Let y(f) = -10*f**2 - 2*f + 3. Give y(1).
-9
Let w(b) = 4*b**3 + 5*b**2 - 47*b - 113. Calculate w(-2).
-31
Let w(h) = h**3 + h**2 + 505*h + 3215. Determine w(-6).
5
Let o(b) = -16*b**2 - 7*b + 42. Determine o(6).
-576
Let q(c) = -c**3 - 13*c**2 - 19*c + 14. Determine q(-11).
-19
Let b(n) = 8*n**2 - 144*n - 513. Give b(21).
-9
Let x(z) = -34*z + 392. Calculate x(0).
392
Let h(z) = z**3 + 4*z**2 + 10*z + 16. Determine h(-7).
-201
Let d(l) = 16*l - 91. Determine d(12).
101
Let f(d) = -41*d**2 + 253*d - 52. What is f(6)?
-10
Let w(o) = -7*o**3 - 433*o**2 + 62*o + 3. What is w(-62)?
3
Let w(q) = 3*q**2 + 5*q + 5. Calculate w(-2).
7
Let f(r) = 3*r**2 + 75*r - 201. Determine f(3).
51
Let g(f) = -237*f + 415. Calculate g(4).
-533
Let k(n) = 2*n**3 - 11*n**2 - 45*n - 24. Determine k(9).
138
Let n(g) = -241*g - 178. What is n(-1)?
63
Let p(l) = 71*l + 3914. What is p(-56)?
-62
Let a(g) = 3*g**2 - 36*g + 43. Calculate a(7).
-62
Let a(u) = -u**2 + 191*u - 565. Determine a(188).
-1
Let y(z) = 1549*z - 6192. Give y(4).
4
Let z(j) = -j**2 + 753*j + 5333. What is z(-7)?
13
Let z(r) = r**3 + 23*r**2 + 34*r + 783. Give z(-23).
1
Let f(v) = -v**2 + 28*v + 82. What is f(-3)?
-11
Let a(s) = -19*s**2 - 44*s - 17. Give a(-2).
-5
Let r(m) = -497*m - 4337. What is r(-8)?
-361
Let x(v) = -17*v - 405. Determine x(-20).
-65
Let s(u) = -24*u**2 + 2160*u - 16. What is s(90)?
-16
Let r(k) = 27*k**3 - k**2 - 22*k - 21. Determine r(-1).
-27
Let d(z) = -21*z**3 + 166*z**2 + 11*z - 7. Determine d(8).
-47
Let d(y) = 38*y**2 - 1138*y - 68. Give d(30).
-8
Let h(g) = -g**3 + 12*g**2 + 15*g - 79. Calculate h(13).
-53
Let m(q) = q**3 - 123*q**2 - 120*q - 646. What is m(124)?
-150
Let k(g) = 316*g + 2907. Determine k(-9).
63
Let d(l) = 6*l**2 - 285*l + 128. Calculate d(47).
-13
Let g(q) = -q**2 + 22*q + 659. Determine g(39).
-4
Let s(i) = 21*i**2 - 273*i - 57. Determine s(13).
-57
Let i(c) = c**3 - 24*c**2 - 177*c - 56. Determine i(30).
34
Let o(b) = -b**3 - 13*b**2 - 45*b - 28. What is o(-8)?
12
Let x(b) = 5*b**3 - 673*b**2 - 260*b - 1339. Calculate x(135).
11
Let y(g) = 12*g**2 + 17*g - 18. Calculate y(-2).
-4
Let x(l) = -2*l**3 + 112*l**2 - 6*l + 349. Determine x(56).
13
Let u(m) = m - 144. What is u(145)?
1
Let c(r) = r**2 - 16*r + 59. Calculate c(28).
395
Let x(q) = 45*q**2 - 15*q + 9. Determine x(4).
669
Let t(c) = 2*c**3 - 227*c**2 + 670*c. Determine t(3).
21
Let o(i) = 125*i - 863. Give o(7).
12
Let r(y) = -47*y + 196. Give r(9).
-227
Let n(r) = -30*r + 204. Calculate n(5).
54
Let v(l) = 7*l**3 - 18*l**2 - 65*l + 81. What is v(1)?
5
Let m(k) = 16*k + 1220. Give m(-76).
4
Let h(w) = -2*w**3 + 38*w**2 + 10*w + 599. Calculate h(20).
-1
Let i(n) = -23*n - 749. What is i(-28)?
-105
Let p(n) = -492*n - 11804. Calculate p(-24).
4
Let n(h) = -93*h**3 + h**2 + 6*h - 5. Give n(1).
-91
Let v(g) = -2*g**3 + 8*g**2 - 40*g + 5. Give v(4).
-155
Let k(w) = -33*w**2 + 17*w - 36. Give k(2).
-134
Let c(u) = -49*u - 156. What is c(-12)?
432
Let m(t) = 184*t + 548. Determine m(-3).
-4
Let s(b) = -b**2 + 19*b + 421. Calculate s(32).
5
Let d(q) = -5088*q - 91580. Calculate d(-18).
4
Let q(b) = b**3 - 19*b**2 + 50*b - 16. Calculate q(16).
16
Let y(i) = -i**3 - 15*i**2 - 11*i - 11. What is y(-13)?
-206
Let k(v) = 28*v + 55. Give k(5).
195
Let y(m) = m**3 - 12*m**2 + 32*m - 62. Calculate y(9).
-17
Let i(p) = -p**3 - 10*p**2 - 9*p - 15. Give i(-6).
-105
Let o(w) = w**3 + 29*w**2 + 30*w - 132. Give o(-28).
-188
Let p(l) = -l**2 + 30*l - 40. Determine p(25).
85
Let y(k) = 3*k**2 - 18*k - 197. Determine y(-9).
208
Let v(p) = 6*p**2 - 6*p - 30. Determine v(5).
90
Let s(t) = 184*t**2 + 3153*t + 418. Give s(-17).
-7
Let z(u) = -6*u - 88. What is z(-24)?
56
Let k(i) = -4*i**2 - 139*i + 259. What is k(-36)?
79
Let r(b) = -23*b - 161. Give r(-4).
-69
Let p(b) = 47*b - 239. Determine p(5).
-4
Let s(x) = -2*x + 43. Determine s(-7).
57
Let i(q) = -8*q - 143. What is i(-32)?
113
Let r(t) = t**2 - 20*t - 101. What is r(-4)?
-5
Let z(u) = u**2 + 67*u - 8192. Give z(63).
-2
Let x(s) = -s**3 + 9*s**2 - 35*s + 114. Calculate x(5).
39
Let c(l) = l**3 - 6*l**2 + 16*l - 12. What is c(6)?
84
Let n(l) = 292*l**3 + 5*l**2 + l + 1. What is n(-1)?
-287
Let c(v) = -10*v - 21. What is c(-3)?
9
Let c(n) = 11*n**2 + 131*n + 13. Determine c(-14).
335
Let s(n) = -n**3 - 13*n**2 - 4*n + 14. What is s(-9)?
-274
Let t(v) = 2*v**2 + 21*v - 10. Calculate t(-10).
-20
Let y(g) = -g**3 + g**2 - 2*g - 2. What is y(0)?
-2
Let x(l) = -5763*l + 57629. What is x(10)?
-1
Let f(z) = 8*z**3 + 145*z**2 + 20*z - 44. What is f(-18)?
-80
Let q(d) = d**2 - 46*d - 30. Determine q(46).
-30
Let o(a) = -a**2 - 67*a - 1729. Determine o(-46).
-763
Let z(t) = t**3 - 11*t**2